the remainder when 40 is divided by h*(10/6 + -1).
12
Let t = -260 - -314. What is the remainder when 323 is divided by t?
53
Suppose 0 = 3*a - 0*a + 4*j - 167, -4*a + 5*j = -233. Suppose 0 = -2*g - 12*n + 7*n + 35, 4*g + 2*n = 62. Calculate the remainder when a is divided by g.
12
Suppose -3*o - 267 = -v - 2*v, 3*v - 267 = 2*o. Suppose -640 = 9*i - 3295. Let x = i + -265. What is the remainder when v is divided by x?
29
Let i(d) = -d**3 + 2*d**2 + 3*d - 4. Let k = -73 + 75. What is the remainder when 4 is divided by i(k)?
0
Let r(c) = c**3 - 22*c + 7. What is the remainder when 545 is divided by r(5)?
17
Let k = 397 - 233. Let d = k - 7. Calculate the remainder when d is divided by 40.
37
Suppose 2*b = 4, 22 = -5*m - b - 3*b. What is the remainder when 79 is divided by 2/12 + (-59)/m?
9
Let r = 1225 + -1106. Suppose 82 = 4*i + 22. Calculate the remainder when r is divided by i.
14
Let p(u) = 15*u**2 - 15*u + u**3 - 4*u**2 + 11 - 40. What is the remainder when 11 is divided by p(-12)?
4
Suppose 0 = -4*j + 1687 - 1567. What is the remainder when 64 is divided by j?
4
Let i(p) = -63*p + 87. Calculate the remainder when i(-8) is divided by 54.
51
Suppose 0 = -12*p + 214 + 302. Calculate the remainder when 112 is divided by p.
26
Let x = 866 - 863. What is the remainder when 225 is divided by x?
0
What is the remainder when ((-39)/(-182))/((-12)/(-14))*772 is divided by 50?
43
Let l = 57 - 42. Calculate the remainder when 73 is divided by l.
13
Suppose -u + 22 = -3*s, 846*s = u + 842*s - 26. Calculate the remainder when 175 is divided by u.
5
Let z(l) = -l**2 - 6*l - 2. Let q be 5*4 - (2 - 1). Let v = 14 - q. What is the remainder when z(v) is divided by 2?
1
Suppose -p - 22*w + 18*w + 435 = 0, 4*p + 4*w - 1800 = 0. What is the remainder when p is divided by 19?
18
What is the remainder when 57 is divided by ((10/(-6))/(-1))/(382/4584)?
17
Suppose -257*o = -265*o + 1936. Calculate the remainder when o is divided by 81.
80
Let k = 3 + 0. Suppose -k*h = 5 - 17. Suppose -4*j + 52 = 4*n, 38 = 5*n - 3*j - 19. Calculate the remainder when n is divided by h.
0
Calculate the remainder when 99 is divided by (13/26)/(2/52).
8
Let v = 118 + -65. Suppose -786 = -9*c - 723. Calculate the remainder when v is divided by c.
4
Let t be (15/4)/(9/(-24)). Let w = t - -15. Suppose 3*i = -w*n + 44, 4*i - 2*n - 125 = -i. What is the remainder when i is divided by 6?
5
Let u be 4/((-2)/(-6)*-2). Calculate the remainder when (-355)/142*2/(-5)*7 is divided by (-25)/(-10)*u/(-5).
1
Suppose -2*b + 2*x = 168, 4*b + 150 + 185 = 5*x. Let n = b - -136. Suppose 60*f = -5*f + 845. Calculate the remainder when n is divided by f.
12
Suppose -4*z = -8*z. Suppose 4*w - 43 = 3*l, z*w + 5*l = w - 15. Calculate the remainder when 17 is divided by w.
7
Suppose -4*n - 130 = -6*n. Suppose 1526*w - 1518*w = 136. What is the remainder when n is divided by w?
14
Let o(y) = y**3 + 15*y**2 + 6*y - 79. Let m(j) = -j**2 - 6*j - 4. Let v be m(-4). Let x(q) = 4*q - 4. Calculate the remainder when o(-14) is divided by x(v).
9
Suppose 48*l = 37509 + 6891. What is the remainder when l is divided by 16?
13
Suppose 0*j = -2*j + 2*f + 14, -2*j + 16 = -4*f. Let l be 0/(-1 + -4 + 4). Suppose l = -0*t + 4*t - 108. What is the remainder when t is divided by j?
3
Let i = 10 + -17. Let a(q) = q**2 + 5*q - 7. Let g be a(i). Let d = 16 - g. What is the remainder when d is divided by 6?
3
Let d(y) be the second derivative of 55*y**4/12 + y**3/6 - y**2/2 + 10*y. Let c(m) = -m + 9. Calculate the remainder when d(1) is divided by c(-5).
13
Let k(d) = -4*d + 313. Let f be k(0). Suppose 4*l - z - f = 0, 5*l + 161 = 7*l - 5*z. Calculate the remainder when l is divided by 10.
8
Suppose 0 = -21*c + 230 + 106. Calculate the remainder when 142 is divided by c.
14
Let r(t) = -t**2 - 5*t - 9. Let y be r(-3). Let s(k) = -26*k + 6. Let f be s(y). Suppose 11*z - 4*z - f = 0. What is the remainder when z is divided by 3?
0
Let b = -588 + 613. Calculate the remainder when 297 is divided by b.
22
Let b(r) = -r**3 + 11*r**2 + 14*r + 4. Suppose 133 = 3*t - 29. What is the remainder when t is divided by b(12)?
26
Suppose -5 = 4*v - 1, 0 = -m + 4*v + 18. Suppose 2*j - 46 - 71 = -5*d, 0 = -d - 2*j + 17. Calculate the remainder when d is divided by m.
11
Suppose -28*x + 1972 = -5280. What is the remainder when x is divided by 26?
25
Calculate the remainder when 1/(0 - -4) + (-166)/(-8) is divided by 6.
3
Let o = 68 - 42. Calculate the remainder when 50 is divided by o.
24
Suppose 0 = -725*y + 722*y + 156. What is the remainder when 1246 is divided by y?
50
Let i = 9 - -15. Let n = 362 - 316. What is the remainder when n is divided by i?
22
Let g = -877 - -934. What is the remainder when g is divided by 48?
9
Let h be (2/6)/(2/24). Suppose 7 = -2*z + 1. What is the remainder when z + -1 + (h - -48) is divided by 25?
23
Let l = -11 - -13. Suppose -5*r + l*r + h + 284 = 0, 0 = 5*h - 5. Suppose -3*a + r + 154 = 0. What is the remainder when a is divided by 21?
20
Let g(m) = 2*m**3 - 9*m**2 - 15*m + 23. What is the remainder when 317 is divided by g(6)?
30
Suppose -1 = w - 2. What is the remainder when (1/3)/(w/39) is divided by 8?
5
Let l = 15 + 6. Suppose -j = -k - l, -5*k = -j + 51 - 10. Suppose 0 = -2*i + 97 + 27. Calculate the remainder when i is divided by j.
14
Suppose -594*b + 14 = -593*b. Calculate the remainder when 114 is divided by b.
2
Let i = 132 + -122. What is the remainder when 77 is divided by i?
7
Suppose -18*b - b = -2679. Let v(h) = -5*h - 18. What is the remainder when b is divided by v(-6)?
9
Let k(m) = 3*m**2 + 4*m + 8. Calculate the remainder when 357 is divided by k(-2).
9
What is the remainder when 12/20 - 97/(-5) is divided by 11?
9
Suppose -5 = 24*c - 581. Calculate the remainder when 104 is divided by c.
8
Suppose -6*c - 38 = -230. What is the remainder when 61 is divided by c?
29
Suppose -30 = -o - 4*o. Let f(u) = u**3 - 5*u**2 - u + 4. Suppose -3*y + 3 = -18. Calculate the remainder when f(o) is divided by y.
6
Let t(n) = 54*n - 318. What is the remainder when t(6) is divided by 2?
0
Let y(u) = 82*u + 116. What is the remainder when 171 is divided by y(-1)?
1
Let k be 15/5 + 0 - -7. What is the remainder when (-28)/(-2) - (k - 7) is divided by 6?
5
Calculate the remainder when 4/(-22) + (-8)/((-176)/7550) is divided by 167.
9
Let f = -90 - -128. Let c = f + -16. Let g = -6 + 11. What is the remainder when c is divided by g?
2
What is the remainder when 207 is divided by (4/(-3) + 2)*210/4?
32
Let l(b) = -11*b - 23. Let i be -2*(-3)/9*-6. What is the remainder when 122 is divided by l(i)?
17
Let y = -16 + 45. Let v = -57 - -33. Let t = -14 - v. What is the remainder when y is divided by t?
9
Suppose -3*p + 11*i - 12*i + 4 = 0, 40 = 5*p - 5*i. Calculate the remainder when 26 is divided by p.
2
Let g = -1050 + 1095. What is the remainder when 312 is divided by g?
42
Let o = -5 - -16. Let r(f) = -f**3 + 5*f**2 - 4*f + 2. Calculate the remainder when o is divided by r(3).
3
Let w = 780 - 657. Calculate the remainder when w is divided by 13.
6
Let n = -15 + 74. Suppose c + 74 = x + 2*c, x - 2*c - n = 0. Let w = 806 + -788. What is the remainder when x is divided by w?
15
Let r = 46 + -47. Suppose 29 = 4*g - 11. Let z = g - r. What is the remainder when 40 is divided by z?
7
Let t(y) = 15 - 3*y - 16*y - 8 + 5*y. What is the remainder when t(-3) is divided by 17?
15
Suppose -4 = g - 7, g = -2*w - 33. Let n = 16 - w. What is the remainder when n is divided by 9?
7
Let r = 95 + -155. Let b = -18 - r. Suppose 0 = 3*o - 17 - 49. What is the remainder when b is divided by o?
20
Suppose 4*o + 2*f = 12, -2*f + 7 = 3*o - 0. Suppose 0 = 4*z - 5*u - 3 - 9, -28 = -z - o*u. What is the remainder when 46 is divided by z?
6
Let u(d) = -9*d**2 + d - 12. Let f be u(3). Let w = 11 + 9. What is the remainder when 520/9 - 5/(f/4) is divided by w?
18
Suppose -2*l + 5 = -l, -b + 2*l = -16. Let n = -2969 + 3123. Calculate the remainder when n is divided by b.
24
Let m = 24 - 18. Let h = 18 - 13. Suppose -h*g - l + 206 = 0, -m*g + g + 210 = 5*l. Calculate the remainder when g is divided by 7.
6
Suppose 8*h + 14*h - 1254 = 0. Let s = 22 - 7. Calculate the remainder when h is divided by s.
12
Suppose -u + 13 = 3*a, 3 - 24 = -5*a - 2*u. L